en k(9) is divided by 37?
13
Let k be (12 - 13)*-1*(1 - 1). Suppose k = z + 5*z - 576. What is the remainder when z is divided by -21*4/(-3)*7/4?
47
Suppose 2*p - 5*x - 43 = 0, 2*x = -0*p - p + 26. Let l be (-14)/203 + 1910/(-58). Calculate the remainder when 87*(10/2)/((-55)/l) is divided by p.
21
Suppose -2*i - 177 = 3*i - 2*l, 2*i + 67 = -3*l. Let a(r) = 6*r + 228. Calculate the remainder when 48 is divided by a(i).
12
Suppose 2*o - 20*p - 298 = -16*p, 4*o - 621 = 3*p. What is the remainder when 490 is divided by o?
13
Let g be 5/(1/1) + (-138 - -137). Suppose -5*j + 44 = -g*m - 21, 42 = j + 5*m. Calculate the remainder when j is divided by 5.
2
Let g be 8/(-52) - 168/(-78). Suppose -454 = -2*r + 2*h, 0 = g*r - 6*r + 3*h + 911. Calculate the remainder when r is divided by 26.
22
Let w be 12/(-8)*328/(-12)*3. Suppose 7*u - 4*u = -9, 0 = -2*s - 5*u + w. What is the remainder when 340 is divided by s?
64
Suppose -6303 - 5444 = -17*x. Calculate the remainder when x is divided by 21.
19
Suppose 12*q = 263 + 117 - 32. Let l(o) = 2*o**3 + o**2 + 4*o - 4. What is the remainder when l(4) is divided by q?
11
Suppose 1661*z - 13696 = 1653*z. Calculate the remainder when z is divided by 33.
29
Suppose 3*g = 2 + 1, -3*g = 5*z - 8. Suppose -5*x + z = 4*c - 40, -5*c + 4*x = 0. Suppose 0 = -c*v + 53 + 107. What is the remainder when v is divided by 15?
10
Suppose -46*f + 469 = -267. Suppose 18 = -3*p + 324. Let r = p - 41. Calculate the remainder when r is divided by f.
13
Let v(s) = s**3 - 17*s**2 - 45*s + 209. What is the remainder when 754 is divided by v(19)?
70
Let p = -22 + 25. Suppose -5*h = -2*v - 214, 6*h - p*v = 2*h + 167. Calculate the remainder when h is divided by (39/(-12))/((92/(-32))/23).
18
Suppose -x = -3*f + 26 + 24, -2*f + 5*x = -55. Let m(c) = c**3 - 6*c**2 + 3*c + 16. Suppose -4*k + 15 = -5. Calculate the remainder when f is divided by m(k).
3
Suppose -135*p + 115*p = -180. Calculate the remainder when 204 is divided by p.
6
Let u(n) = -5*n - 41. Let z be u(-9). Suppose -9*a + 128 = 5*k - 8*a, 0 = -3*k + z*a + 63. What is the remainder when 54 is divided by k?
4
Let t(n) = 112*n**2 + 2795*n - 28. Calculate the remainder when 780 is divided by t(-25).
4
Suppose -33*l = -31*l - 2*h - 64, 4*l = h + 134. What is the remainder when 605 is divided by l?
27
Suppose -2*o + o + 2*n = 0, 0 = 3*o + n + 7. Calculate the remainder when -1*(o*(-75)/(-6) + 0) is divided by 2 - (2 - 2 - 5).
4
Suppose -118 = -2*a - 3*o, -5*a + 2*o + 395 - 100 = 0. Suppose 6*h = -a + 113. Calculate the remainder when h is divided by 3.
0
Suppose a - 3 = 17. Suppose -1543*x + 1659*x - 9048 = 0. Calculate the remainder when x is divided by a.
18
Suppose b + 6*b = 35. Let m be (-3006)/(-90) - ((-2)/b)/(-1). Calculate the remainder when 93 is divided by (188/6)/(22/m).
46
Let a(r) = -2*r**2 - 9*r - 60. Let k(i) = -4*i. Let j(y) = a(y) + 6*k(y). Calculate the remainder when 141 is divided by j(-12).
45
Let p(m) = -m**3 - 36*m**2 - 3*m - 98. What is the remainder when 42 is divided by p(-36)?
2
Let m = 454 - -108. Suppose -11*u + m = -296. Calculate the remainder when u is divided by (-162)/(-8) - (-3)/(-12).
18
Let y(s) = -6*s**2 + 17*s - 23. Let m be y(-11). Let t be 20/(-6)*m/40. What is the remainder when (t - (5 - 1)) + -5 is divided by 7?
6
Let w(t) = 35*t**3 + 4*t**2 - 4*t + 3. What is the remainder when w(2) is divided by -11 + (605/11 - -5)?
46
Let y = -64 - -77. Suppose -y*m = -34 - 252. Calculate the remainder when 145 is divided by m.
13
Let t = 11726 - 8583. What is the remainder when t is divided by 108?
11
Let w(l) = 3*l**2 + 2*l + 4. Let b be 7*-4*(-18)/(-84). Let n = 17 - b. What is the remainder when w(-4) is divided by n?
21
Let j(n) = 78*n**3 - 2*n + 3. Suppose -w - 3*w = 4*k - 40, 0 = 4*w + 3*k - 37. Suppose 2*y - w*y = -200. Calculate the remainder when j(1) is divided by y.
39
Let r = -4622 - -4633. Calculate the remainder when 890 is divided by r.
10
Let v = -73 + 107. Suppose v*a - 630 = 2090. Calculate the remainder when 1119 is divided by a.
79
Suppose 4*v + 6*c = 9*c + 17, 5*c = 3*v + 1. Calculate the remainder when v/(-6) + 3*(-2594)/(-18) is divided by 48.
47
Let g(k) = -8*k - 157. Let h be g(-20). Suppose -4*f + 2*t + 892 = t, 0 = -h*f - 5*t + 692. What is the remainder when f is divided by 46?
40
Let o(c) = -2*c**3 - 6*c**2 + c + 4. Suppose 170*g - 5596 = 14804. Calculate the remainder when g is divided by o(-4).
24
Suppose 39*s - 46*s + 1484 = 0. Let p be (66/4 - -1)*(-1024)/(-160). Let c = s - p. Calculate the remainder when c is divided by 17.
15
Let a(o) = 80*o - 186. What is the remainder when a(4) is divided by 76?
58
Let t = 131 - 120. Suppose -13*d = t*d - 456. Calculate the remainder when 73 is divided by d.
16
Let s(t) = t**2 + 14*t + 64. Calculate the remainder when 1639 is divided by s(-5).
5
Calculate the remainder when 512 + ((-132)/55)/(-1*9/30) is divided by 241.
38
Suppose 3*k + 4*j - 1071 = 0, -4*k = 99*j - 96*j - 1414. Calculate the remainder when k is divided by 105.
34
Let i be ((-1)/(-1))/(-7*4/(-84)). Suppose i*m + 4*g - 32 = -m, 0 = 2*m + 5*g - 31. Calculate the remainder when 6 is divided by m.
0
Suppose -5*l + 126*k - 124*k + 464 = 0, -297 = -3*l - 5*k. What is the remainder when 11372 is divided by l?
92
Let r(u) = u**2 - 12*u - 10. Let n be r(13). Let i(l) = -l**2 - 8*l + 11. Let y be i(-5). Suppose f + y = n*f. What is the remainder when 51 is divided by f?
12
Suppose r + 38 = 2*r - 3*t, -62 = -r - 5*t. Let p(b) = b**2 + 12*b - 4. Let o = -28 + 37. Calculate the remainder when p(o) is divided by r.
44
What is the remainder when 25539 is divided by (-39 + 41)/(15/645)?
83
Let u(z) = z**3 - 59*z**2 + 454*z - 115. Calculate the remainder when 987 is divided by u(50).
52
Let r = -200 - -138. Let v = 61 + r. Calculate the remainder when 42 is divided by 130/12 - v/18*3.
9
Suppose 25 = -4*h + 5*h. Suppose -49*n - x = -44*n - 303, 221 = 3*n - 5*x. What is the remainder when n is divided by h?
12
Suppose -5283 = -6*c + 621. Suppose 11*l + c = 8*l. Let m = -229 - l. What is the remainder when m is divided by 25?
24
Suppose 0 = -504*b + 524*b - 31980. What is the remainder when b is divided by 89?
86
Let u(l) = l**3 - 69*l**2 + 59*l + 664. Calculate the remainder when 1 + -2 + -1 + 91 is divided by u(68).
37
Let w be (-30)/16 - -2 - (-429)/88. Suppose 9*y - 28 = w*y. What is the remainder when 118 is divided by y?
6
What is the remainder when 68 is divided by (-8)/((-360)/2125) - 2/9?
21
Suppose 19*g - 1798 = -9094. Let f = 409 + g. Calculate the remainder when 94 is divided by f.
19
Let z = 330 + -463. Let b = z + 148. What is the remainder when 298 is divided by b?
13
Suppose 0 = -69*y + 67*y + 13192. What is the remainder when y/34 + (-8)/2 is divided by 6?
4
Suppose -i - o = 130 - 22, -5*i + 4*o = 522. Let w = -89 - i. What is the remainder when 22 is divided by w?
5
Suppose -1 = 2*b + 23. Suppose 3*j + 261 = 6*j. Calculate the remainder when j is divided by (b/(-8))/(4*(-3)/(-144)).
15
Suppose 5*b = 6*d - 2*d + 234, -3*b = 5*d - 170. Suppose 100*w - 95*w = b. Let h = 244 - 225. What is the remainder when h is divided by w?
9
Let g(i) = -28*i - 34. Suppose 60*w = 63*w + 12. Calculate the remainder when g(w) is divided by 25.
3
Calculate the remainder when 7003 is divided by 4/10 + ((-959)/(-685) - 1442/(-10)).
141
Let x(n) = -6*n - 20. Let j(t) = -3*t - 10. Let d(o) = 7*j(o) - 4*x(o). Let i be d(-2). Calculate the remainder when -104*i/(-12) + (-12)/(-9) is divided by 13.
10
Let m be ((-506)/110)/(2/(-30)). Suppose -201 + m = -22*p. Calculate the remainder when 15*((-68)/(-20) + -1) is divided by p.
0
Let j be (3 + 0)/(-1) - -2. Suppose -4*v = -4*s - 276, 138 = 2*v + 3*s - s. What is the remainder when v is divided by j - (1 + -15) - (-1 - -4)?
9
Let x = -132 - -135. Calculate the remainder when 9 is divided by 2/x*(13 + -10).
1
Suppose 23*h - 11*h - 792 = 0. Let v(j) = -j**2 - 18*j - 9. Let t(u) = u - 12. Let s be t(-4). Calculate the remainder when h is divided by v(s).
20
Suppose -2*a = 5*x - a - 125, -2*x + 77 = -5*a. Let j = 47 - x. Suppose o - j = 7. What is the remainder when o is divided by 6?
4
Let a(r) = -103*r - 104*r + 18 + 208*r. Calculate the remainder when 68 is divided by a(0).
14
Suppose 1787*j + 4 